{"id":233,"date":"2018-01-18T10:10:53","date_gmt":"2018-01-18T08:10:53","guid":{"rendered":"http:\/\/oh6ag.fi\/?page_id=233"},"modified":"2018-01-18T12:30:10","modified_gmt":"2018-01-18T10:30:10","slug":"aprs","status":"publish","type":"page","link":"https:\/\/oh6ag.fi\/?page_id=233","title":{"rendered":"APRS"},"content":{"rendered":"<p>APRS \u00e4r en f\u00f6rkortning av<a href=\"http:\/\/en.wikipedia.org\/wiki\/Automatic_Position_Reporting_System\" target=\"_parent\">\u00a0Automatic Position Reporting System<\/a>. P\u00e5 svenska \u00e4r det ett automatiskt system f\u00f6r rapportering av radioamat\u00f6rstationens position. Nedan ser du ett exempel p\u00e5 vilka\u00a0APRS- och AIS-stationer som r\u00f6r sig i n\u00e4rheten av klubben:<\/p>\n<p><script type=\"text\/javascript\">\n    he_lat = 63.675;\n    he_lng = 22.715;\n    he_show_others = 1;\n    he_show_aprs = 'w'; \/\/ show APRS stations with waypoints\n    he_show_ais = 'w'; \/\/ show AIS ships with waypoints\n  <\/script><\/p>\n<p><script type=\"text\/javascript\" src=\"\/\/aprs.fi\/js\/embed.js\">\n  <\/script><\/p>\n<p>I all enkelhet g\u00e5r det till s\u00e5, att radioamat\u00f6ren en 144 MHz radio samt en liten enhet (ofta sj\u00e4lvbyggd) som<br \/>\nkallas &#8221;tracker&#8221; till vilken man kopplar har en GPS-mottagare. GPS-mottagarens data (som f\u00f6r \u00f6vrigt kallas NMEA) kodas om i\u00a0trackern till ett radiomeddelande enligt paketradiostandard (AX.25). Sedan skickas paketet via radion till\u00a0en iGate (Internet Gateway) som \u00e4r en &#8221;port&#8221; till Internet. Meddelandet kan eventuellt l\u00e4nkas via en\u00a0digipeater om man \u00e4r l\u00e4ngre bort fr\u00e5n iGaten. Sedan far paketet vidare genom APRS-IS (aprs-systemet\u00a0p\u00e5 Internet) till n\u00e5gon av de tiotals APRS-servrar som finns runtom i v\u00e4rlden. D\u00e4refter kan man med vilken\u00a0Internet-kopplad dator som helst se var trackern (radioamat\u00f6ren?) befinner sig p\u00e5 en karta.<\/p>\n<p><a href=\"http:\/\/sv.aprs.fi\/?lat=63.6758&amp;lng=22.7142\" target=\"_blank\" rel=\"noopener\">H\u00e4r kan du se &#8221;vad som r\u00f6r sig&#8221; i Jakobstad med omnejd<\/a>.<br \/>\nSt\u00e4ll tidsf\u00f6nstret \u00f6verst till h\u00f6ger p\u00e5 t.ex. 3 eller 6 timmar s\u00e5 ser du\u00a0 lite &#8221;historia&#8221; ocks\u00e5.<\/p>\n<p><strong style=\"color: #1a1a1a; font-size: 16px;\">Vad har man d\u00e5 f\u00f6r nytta av detta system?<\/strong><\/p>\n<ul>\n<li>Vid naturkatastrofer kan man snabbt uppr\u00e4tta t.ex. mobila v\u00e4derstationer<\/li>\n<li>En skallg\u00e5ngsledare kan h\u00e5lla reda p\u00e5 var s\u00f6kgrupperna befinner sig och s\u00e4nda order till dem<\/li>\n<li>Vid t\u00e4vlingar kan man se var deltagarna finns i terr\u00e4ngen<\/li>\n<li>Har man en APRS-station i b\u00e5ten, kan man se var b\u00e5ten finns, \u00e4ven om de ombordvarande inte<br \/>\nskulle kunna meddela sig med land p\u00e5 annat s\u00e4tt (t.ex. vid motorhaveri, br\u00e4nslestopp, sjukdom&#8230;)<\/li>\n<li>Man kan sp\u00e5ra experimentballonger som s\u00e4nts upp<\/li>\n<li>Man kan ta emot telemetridata fr\u00e5n en tracker som m\u00e4ter n\u00e5got.<\/li>\n<\/ul>\n<p><strong>OH6AG har i g\u00e5ng tre stationer som h\u00e4nf\u00f6r sig till APRS-systemet:<\/strong><\/p>\n<ul>\n<li>Internet gatewayn OH6AG som finns vid klubben skickar upp mottagna APRS-meddelanden till en<br \/>\nserver p\u00e5 Internet. Dessutom s\u00e4nder den via VHF, 144.800 ut positionen p\u00e5 alla OH6:or som<br \/>\ns\u00e4nder in sina APRS-paket till servern. Det betyder att man kan f\u00f6lja s\u00e5dana stationer endera via<br \/>\nInternet eller via displayen p\u00e5 sin radio.<\/li>\n<li>Digipeatern OH6AG-7 som finns p\u00e5 taket till ett hus, 8 v\u00e5ningar upp fr\u00e5n markniv\u00e5n. Den tar emot<br \/>\nAPRS-paket fr\u00e5n fordon (biler, b\u00e5tar, motorcyklar&#8230;) och skickar dem vidare till OH6AG gateway:n.<\/li>\n<li>AIS-mottagaren (se ovan) som tar emot positions- och skeppsinformation fr\u00e5n fartyg i Bottenviken<br \/>\nungef\u00e4r mellan Munsala och Lochte\u00e5, och ca. 50 sj\u00f6mil ut med nuvarande antenn.<\/li>\n<\/ul>\n<p>Nedan n\u00e5gra bilder fr\u00e5n Digipeaterns (och repeatern OH6RUG:s) QTH. Foto: Krister, OH6MH.<\/p>\n<figure style=\"width: 378px\" class=\"wp-caption alignnone\"><img loading=\"lazy\" decoding=\"async\" src=\"http:\/\/www.multi.fi\/~oh6ag\/pictures\/RUG-AG7-ants.jpg\" alt=\"Ant\" width=\"378\" height=\"465\" \/><figcaption class=\"wp-caption-text\">OH6AG-7:s antenn (SlimJim) med 70 cm repeaterantennerna till h\u00f6ger.<\/figcaption><\/figure>\n<figure style=\"width: 324px\" class=\"wp-caption alignnone\"><img loading=\"lazy\" decoding=\"async\" src=\"http:\/\/www.multi.fi\/~oh6ag\/pictures\/RUG-cabinet.jpg\" alt=\"Cab\" width=\"324\" height=\"467\" \/><figcaption class=\"wp-caption-text\">OH6RUG och OH6AG-7 samsas i samma sk\u00e5p.<\/figcaption><\/figure>\n<p>S\u00e5&#8230;. Paketradion \u00e4r tillbaka! \u00c5tminstone delvis&#8230;Kontakta t.ex. OH6NT om du vill veta mera om APRS. P\u00e5 Internet\u00a0hittar du ocks\u00e5 mycket information om APRS, t.ex. p\u00e5\u00a0<a href=\"http:\/\/www.aprs.se\/\">http:\/\/www.aprs.se\/<\/a>\u00a0som \u00e4r<br \/>\nSSA:s APRS-sida.<\/p>\n<p>&nbsp;<\/p>\n<p><span style=\"font-size: 19px; font-weight: 900; letter-spacing: 0.13333em; text-transform: uppercase;\">OH6RBG BBS\u00a0Packetradions historia vid OH6AG:<\/span><\/p>\n<p>B\u00e5de paketradio-BBS:n och dx-clustret \u00e4r avst\u00e4ngda f\u00f6r gott och numera ocks\u00e5 skrotade. Torsdagen den 6 april 2005 st\u00e4ngdes b\u00e5da efter en n\u00e4rmare 20-\u00e5rig verksamhet. Orsakerna \u00e4r m\u00e5nga, men fr\u00e4mst har tiden k\u00f6rt f\u00f6rbi paketradion\u00e4tet, som inte l\u00e4ngre \u00e4r i drift, och Internet har blivit tillg\u00e4ngligt f\u00f6r alla till rimligt pris. Man f\u00e5r minnas att packet radio utvecklades och togs i bruk vid en tid n\u00e4r allm\u00e4nna datan\u00e4t inte \u00e4nnu fanns, eller var f\u00f6r dyra f\u00f6r oss amat\u00f6rer. Paketradion\u00e4tet t\u00e4ckte st\u00f6rsta delen av Finland och t.ex. OH6AI hade en satellitstation d\u00e4r datapaketen k\u00f6rdes upp till en av v\u00e5ra radioamat\u00f6rsatelliter f\u00f6r vidare befordran till andra sidan jorden. Via packet radio kunde vi f\u00f6rmedla bilder, meddelanden, datorprogram och \u00f6vriga data till varandra billigt, men med farten 1200 bit\/s (senare 9600 bit\/s) var det inte fr\u00e5ga om n\u00e5gra st\u00f6rre datam\u00e4ngder, utan n\u00e5gra hundra kb var v\u00e4l max. Pengar hade vi d\u00e5ligt med, men d\u00e4remot hade vi tid \ud83d\ude42 Diskussionerna forts\u00e4tter i alla fall, och DX-cluster finns fortfarande tillg\u00e4ngligt via <a href=\"http:\/\/www.dxsummit.fi\/\">DXSummit&#8217;s webcluster<\/a>.<\/p>\n<p>&nbsp;<\/p>\n<p>Sidan redigerad: 18.01.2018 (OH6FXZ)<\/p>\n<p>Text: OH6NT<\/p>\n","protected":false},"excerpt":{"rendered":"<p>APRS \u00e4r en f\u00f6rkortning av\u00a0Automatic Position Reporting System. P\u00e5 svenska \u00e4r det ett automatiskt system f\u00f6r rapportering av radioamat\u00f6rstationens position. Nedan ser du ett exempel p\u00e5 vilka\u00a0APRS- och AIS-stationer som r\u00f6r sig i n\u00e4rheten av klubben: I all enkelhet g\u00e5r det till s\u00e5, att radioamat\u00f6ren en 144 MHz radio samt en liten enhet (ofta sj\u00e4lvbyggd) &hellip; <a href=\"https:\/\/oh6ag.fi\/?page_id=233\" class=\"more-link\">Forts\u00e4tt l\u00e4sa<span class=\"screen-reader-text\"> \u201dAPRS\u201d<\/span><\/a><\/p>\n","protected":false},"author":2,"featured_media":0,"parent":0,"menu_order":0,"comment_status":"closed","ping_status":"closed","template":"","meta":{"footnotes":""},"class_list":["post-233","page","type-page","status-publish","hentry"],"_links":{"self":[{"href":"https:\/\/oh6ag.fi\/index.php?rest_route=\/wp\/v2\/pages\/233","targetHints":{"allow":["GET"]}}],"collection":[{"href":"https:\/\/oh6ag.fi\/index.php?rest_route=\/wp\/v2\/pages"}],"about":[{"href":"https:\/\/oh6ag.fi\/index.php?rest_route=\/wp\/v2\/types\/page"}],"author":[{"embeddable":true,"href":"https:\/\/oh6ag.fi\/index.php?rest_route=\/wp\/v2\/users\/2"}],"replies":[{"embeddable":true,"href":"https:\/\/oh6ag.fi\/index.php?rest_route=%2Fwp%2Fv2%2Fcomments&post=233"}],"version-history":[{"count":17,"href":"https:\/\/oh6ag.fi\/index.php?rest_route=\/wp\/v2\/pages\/233\/revisions"}],"predecessor-version":[{"id":259,"href":"https:\/\/oh6ag.fi\/index.php?rest_route=\/wp\/v2\/pages\/233\/revisions\/259"}],"wp:attachment":[{"href":"https:\/\/oh6ag.fi\/index.php?rest_route=%2Fwp%2Fv2%2Fmedia&parent=233"}],"curies":[{"name":"wp","href":"https:\/\/api.w.org\/{rel}","templated":true}]}}