{"id":23,"date":"2017-08-19T10:11:31","date_gmt":"2017-08-19T10:11:31","guid":{"rendered":"http:\/\/oh6ag.fi\/?page_id=23"},"modified":"2025-11-12T20:45:59","modified_gmt":"2025-11-12T18:45:59","slug":"styrelsen","status":"publish","type":"page","link":"https:\/\/oh6ag.fi\/?page_id=23","title":{"rendered":"Styrelsen"},"content":{"rendered":"<h6>CQ-KLUBNS STYRELSE, CQ-KERHON HALLITUS 2025 (enligt h\u00f6stm\u00f6tet 14.11.2024)<\/h6>\n<ul>\n<li>Ordf\u00f6rande: Leif Elenius, OH6FXW (tel. 040-5272601)<\/li>\n<li>Viceordf\u00f6rande: Sebastian Storholm, OH6ZA (tel. xxx-xxxxxxx)<\/li>\n<li>Sekreterare: Tom Sj\u00f6lund, OH6FXZ (tel. 044-7210295)<\/li>\n<li>Kass\u00f6r: Ingemar Hannus, OH6FXY (tel. 050-5520202)<\/li>\n<li>Styrelsemedlem: Sverre Sand\u00e5s, OH6JCC (tel. 050-5233402)<\/li>\n<li>Suppleant: Stig-Erik W\u00e4rn, OH6SEW<\/li>\n<li><\/li>\n<\/ul>\n<p>Styrelsen sammatr\u00e4der vid behov, vanligen p\u00e5 klubbens m\u00e5nadsm\u00f6ten, som \u00e4r \u00f6ppna f\u00f6r alla. M\u00e5nadsm\u00f6te h\u00e5lls den andra torsdagen i m\u00e5naden kl. 19:00 i klubblokalen, om inte annat meddelas. Protokoll fr\u00e5n m\u00f6tena s\u00e4tts ut p\u00e5 websidorna s\u00e5 fort de finns tillg\u00e4ngliga.<\/p>\n<p>Hallitus kokoontuu tarpeen vaatiessa, yleens\u00e4 kerhon kuukausikokouksissa, jotka ovat kaikille avoimia. Kuukausikokous pidet\u00e4\u00e4n joka kuukauden toisena torstaina kl. 19:00 kerhohuoneella, jos muuta ei ilmoiteta. Kokouksien p\u00f6yt\u00e4kirjat ilmestyv\u00e4t webbisivuille kun ne ovat saatavilla.<\/p>\n<h6>\u00d6VRIGA FUNKTION\u00c4RER, MUUT TOIMIHENKIL\u00d6T 2025-26 (enligt v\u00e5rm\u00f6tet 11.04.2024 )<\/h6>\n<ul>\n<li>Skolningsansvarig: OH6JCC Sverre<\/li>\n<li>Stationssk\u00f6tare: OH6ZA Sebastian (HF\/VHF), OH6CV Jouko (HF &#8230; SHF)<\/li>\n<li>Fyransvarig: OH6NVQ Tomas (UHF och SHF-fyrarna)<\/li>\n<li>Repeateransvarig: OH6MLL Pelle (2m, OH6RAG),\u00a0OH6HNC Tuomo (70cm, OH6RUG)<\/li>\n<li>Materialf\u00f6rvaltare: OH6FXW Leif<\/li>\n<li>WEB och IT: OH6FXZ Tom, OH6ECP Simon<\/li>\n<li>QSL-manager: OH6ECM Jan<\/li>\n<li>Medlemsregister: OH6MLL Pelle<\/li>\n<\/ul>\n<p>Sidan redigerad: 12.11.2025 (OH6FXZ)<\/p>\n","protected":false},"excerpt":{"rendered":"<p>CQ-KLUBNS STYRELSE, CQ-KERHON HALLITUS 2025 (enligt h\u00f6stm\u00f6tet 14.11.2024) Ordf\u00f6rande: Leif Elenius, OH6FXW (tel. 040-5272601) Viceordf\u00f6rande: Sebastian Storholm, OH6ZA (tel. xxx-xxxxxxx) Sekreterare: Tom Sj\u00f6lund, OH6FXZ (tel. 044-7210295) Kass\u00f6r: Ingemar Hannus, OH6FXY (tel. 050-5520202) Styrelsemedlem: Sverre Sand\u00e5s, OH6JCC (tel. 050-5233402) Suppleant: Stig-Erik W\u00e4rn, OH6SEW Styrelsen sammatr\u00e4der vid behov, vanligen p\u00e5 klubbens m\u00e5nadsm\u00f6ten, som \u00e4r \u00f6ppna f\u00f6r alla. &hellip; <a href=\"https:\/\/oh6ag.fi\/?page_id=23\" class=\"more-link\">Forts\u00e4tt l\u00e4sa<span class=\"screen-reader-text\"> \u201dStyrelsen\u201d<\/span><\/a><\/p>\n","protected":false},"author":1,"featured_media":0,"parent":0,"menu_order":0,"comment_status":"closed","ping_status":"closed","template":"","meta":{"footnotes":""},"class_list":["post-23","page","type-page","status-publish","hentry"],"_links":{"self":[{"href":"https:\/\/oh6ag.fi\/index.php?rest_route=\/wp\/v2\/pages\/23","targetHints":{"allow":["GET"]}}],"collection":[{"href":"https:\/\/oh6ag.fi\/index.php?rest_route=\/wp\/v2\/pages"}],"about":[{"href":"https:\/\/oh6ag.fi\/index.php?rest_route=\/wp\/v2\/types\/page"}],"author":[{"embeddable":true,"href":"https:\/\/oh6ag.fi\/index.php?rest_route=\/wp\/v2\/users\/1"}],"replies":[{"embeddable":true,"href":"https:\/\/oh6ag.fi\/index.php?rest_route=%2Fwp%2Fv2%2Fcomments&post=23"}],"version-history":[{"count":24,"href":"https:\/\/oh6ag.fi\/index.php?rest_route=\/wp\/v2\/pages\/23\/revisions"}],"predecessor-version":[{"id":938,"href":"https:\/\/oh6ag.fi\/index.php?rest_route=\/wp\/v2\/pages\/23\/revisions\/938"}],"wp:attachment":[{"href":"https:\/\/oh6ag.fi\/index.php?rest_route=%2Fwp%2Fv2%2Fmedia&parent=23"}],"curies":[{"name":"wp","href":"https:\/\/api.w.org\/{rel}","templated":true}]}}